*o**2 - o + 1. Let i be m(2). Determine z(i).
15
Let y(q) be the third derivative of q**6/120 + 17*q**5/60 - 8*q**3/3 - 177*q**2. Determine y(-17).
-16
Let x(w) be the second derivative of w**4/12 - 5*w**3/3 - 10*w**2 - 322*w. Calculate x(11).
-9
Suppose -5*o + 49 = a, -a + 2*o = 20 - 76. Suppose 4*x + a = x. Let s be (2*1)/(9/x). Let y(d) = 5*d + 5. Determine y(s).
-15
Let b(v) = -3*v**2 + 0*v**3 + 2*v**3 + 6*v - 2*v**2 - v**3 - 4. Let a = 6 - 3. Suppose 8*g = a*g + 20. Give b(g).
4
Let p(j) = 2*j + 5. Let z be p(-3). Let w = 3 - z. Let c(y) = -y**2 + 6*y - 4. Determine c(w).
4
Let q = -5007 + 5009. Let n(t) = 4*t**2 + 2 + 0 - t**3 + t - 2*t**2. Determine n(q).
4
Suppose 2*y - 6 = -12. Let o(u) be the third derivative of 0*u - 1/20*u**5 - 1/120*u**6 + 1/6*u**4 + 2*u**2 + 1/2*u**3 + 0. Calculate o(y).
-9
Let w(k) be the second derivative of 2*k**3/3 - k**2 - 187*k. Suppose -x + 15 = -5*i, -2 - 11 = 4*i - x. Let b(j) = j. Let g be b(i). Give w(g).
-10
Let g(j) = j**2 + 5*j - 37. Let m be g(-9). Let z(p) = -9*p**2 + 2*p + 1. Determine z(m).
-10
Let v(a) = -2*a - 9. Suppose -7*j = -2*o - 6*j - 5, -3*j = -5*o - 10. Give v(o).
1
Let k be (22/((-132)/5))/((-2)/(-12)). Let c(l) = 3*l + 13. Give c(k).
-2
Let b(t) be the first derivative of t**2/2 - 10*t + 366. What is b(8)?
-2
Let u(x) = -x - 4. Suppose 0 = 20*o - 19*o + 17. Let f = o + 19. Suppose f*a + 2*a = 24. Determine u(a).
-10
Let p = 5 + 0. Let y(z) = -9*z + 9 + 8*z**3 - 2*z**3 - 3*z**2 - p*z**3 - 3*z**2. What is y(7)?
-5
Let w(b) = -13*b - 9. Let f(z) = 5*z + 1. Let q(d) = -2*f(d) - w(d). Suppose -3*y - 14 = 4. What is q(y)?
-11
Let o(v) = -v - 1. Suppose -16 = 3*u - 4. Let s(m) = m**2 + 6*m + 2. Let b be s(u). Give o(b).
5
Let r(z) = -z - 1. Let m be r(-11). Let q(x) = 14*x + 11 - 9 - m*x. Give q(-2).
-6
Suppose 0*s + 6*s - 42 = 0. Suppose 0 = -2*d - y - 1 - s, -4*y - 14 = -d. Let j(b) = -5*b. What is j(d)?
10
Suppose -150*b - 24 = -156*b. Let r(d) = -2*d + 5. Calculate r(b).
-3
Let l(j) be the third derivative of j**6/120 - 3*j**5/20 + j**4/4 + j**3 - 14*j**2. Give l(7).
-50
Let r(k) = -10*k**2 - k. Let w be (-2 - (-5 - -1))*10. Suppose 11*n - w*n = 9. Determine r(n).
-9
Let x = 2002 + -2010. Let v(u) = -8*u - 8. Give v(x).
56
Let m(l) = 332*l**2 + 15*l - 20 - l - 353*l**2 + 6*l. Let q(k) = 7*k**2 - 7*k + 7. Let c(i) = 6*m(i) + 17*q(i). What is c(1)?
-7
Let y = -54 - -54. Suppose y*f - 21 = 3*f. Let a(w) = -9*w + 2*w**3 - 4*w**3 + 6*w**2 - 7 + 3*w**3 + w. Calculate a(f).
0
Let u(f) = -f**2 + 1. Let a(t) = 4*t**2 + 2*t - 6. Suppose 3*w + m + 21 = -2*m, -2*w = -m - 1. Let b be 1 + 0*1/w. Let k(p) = b*a(p) + 8*u(p). Determine k(2).
-10
Suppose 3*m - 6 = 15. Suppose 4*n = m*n + 3. Let s(r) = -r + 1. What is s(n)?
2
Let d(b) be the third derivative of -b**4/4 - b**3 + 2*b**2 - 118. Determine d(6).
-42
Suppose -4*t = t + 10. Let z be (0 + (-15)/6)*t. Let h(o) = o**3 - 5*o**2 - o - 2. Give h(z).
-7
Let p(n) = 17384*n**3 - 8688*n**3 + 17*n**2 - 8695*n**3 - 20 - 39*n. Calculate p(-19).
-1
Let a(j) be the third derivative of -9*j**2 + 0*j - 5/24*j**4 - 1/6*j**3 + 0. Give a(1).
-6
Let l(n) = -n**2 + 18*n + 45. Let f be l(20). Let b(h) = -7*h + 9*h**2 + 2*h**3 + 2*h**3 - 463 + 460 - f*h**3. Determine b(8).
5
Let m(c) = -c**3 + 15*c**2 - 13*c - 10. Let h be m(14). Let u(z) = -4 + h + 7 - z. Determine u(5).
2
Let t(b) be the second derivative of -b**5/2 + b**4/6 + b**3/6 + b. Let d(y) = y**2 + 3*y - 12. Let k be d(3). Suppose -9*n + 15*n + k = 0. What is t(n)?
11
Let h(u) = 4 - 2*u - 1 - u. Suppose -2*p + 6 - 2 = 0. Determine h(p).
-3
Let c(p) be the second derivative of p**5/60 + p**4/24 + 19*p**2/2 - 25*p. Let j(i) be the first derivative of c(i). What is j(-4)?
12
Let z(f) = f - 12. Let d(k) = -k**3 - 8*k**2 - 2*k + 11. Let h be d(-8). Let u be 2/8 + h/4. Let q be z(u). Let s(l) = l**3 + 6*l**2 + 5*l - 7. Give s(q).
-7
Let q(u) be the first derivative of u**3/3 - u**2/2 - u + 1. Suppose 615 = 2*x + 179. Suppose 0 = -x*p + 223*p. Give q(p).
-1
Let v(m) be the second derivative of 0 - 30*m + 1/4*m**4 + 1/20*m**5 + 0*m**2 - 2/3*m**3. Calculate v(-4).
0
Let r(q) = q - 6. Suppose -31*v - 20 = -33*v. What is r(v)?
4
Let r(v) = -14*v**3 - v**2 - 2*v - 1. Let w be (5/1)/((-7)/77). Let d be -2*(-3)/(-30) + 44/w. Calculate r(d).
14
Let l(v) be the first derivative of v**3/3 + v**2 - 2*v + 39. What is l(-3)?
1
Let g = -285 - -290. Let v(m) = 5*m + 3. Give v(g).
28
Let l(q) be the second derivative of 0*q**2 - 4*q + 0 - 1/6*q**3. Calculate l(7).
-7
Suppose 11 = 4*f - 1. Let s(d) = -1 - 4*d - 4*d**f + 5*d**2 + 5*d**3 - 2*d**3. Calculate s(4).
-1
Let u(g) be the second derivative of -g**5/20 + g**4/6 + g**3/6 - g**2 + 36*g. Give u(2).
0
Suppose -5*f - 3*h + 2*h = -9, 0 = -2*f + 5*h + 9. Let q = -48 + 48. Let g(l) = -2*l**2 + l**3 + q*l**3 + l**2 + 2*l. Determine g(f).
8
Let t be (0 + -7 + 1)/(102/(-51)). Let z(o) = -4*o + 9. What is z(t)?
-3
Let x(l) = l**3 - 6*l**2 + 2*l + 2. Suppose 8*b = 2*b + 18. Let o be (15/(-6) - -2)/(b/(-12)). Calculate x(o).
-10
Let d(i) be the third derivative of 0*i - 1/6*i**3 + 0 - 1/24*i**4 + i**2. Let t be 988/(-171) + (-4)/18. Determine d(t).
5
Let x(g) = 2*g**2 + 25*g + 6. Let t be x(-12). Let m(n) = n**3 + 7*n**2 + 4*n - 6. What is m(t)?
6
Let x(n) = n**2 - n + 7. Suppose -91*t = -5*h - 90*t + 34, -32 = -4*h + 2*t. What is x(h)?
37
Suppose -3*f + 12 = -3*a, 5*a + f = -0*a + 4. Let u(q) be the third derivative of 1/24*q**4 - 1/2*q**3 + 0*q + 0 - q**2. Give u(a).
-3
Let a(m) = -m**2 - 8*m - 8. Suppose -3 - 15 = 3*o. Let r be a(o). Suppose r*v + 12 = 2*v. Let d(l) = -2*l - 7. Calculate d(v).
5
Let b(l) be the third derivative of -l**5/40 - l**4/8 - l**3/3 + 11*l**2. Let d(v) be the first derivative of b(v). Calculate d(-2).
3
Let t = 48 + -28. Let c = 22 - t. Let z(f) = -1 - 22*f**c + 6*f**2 + 7*f**2. What is z(-1)?
-10
Let g(h) = 5*h**2 + 9*h + 23. Let c(d) = 6*d**2 + 9*d + 23. Let k(p) = -4*c(p) + 5*g(p). What is k(-7)?
9
Suppose 0*v + 16 = 2*c - 2*v, 0 = 5*v + 15. Let x(o) be the third derivative of o**4/24 - 5*o**3/6 - 158*o**2. Give x(c).
0
Let w be 24/36 + (112/(-12))/(-4). Let k(m) = -3*m**2 + m - 1. Calculate k(w).
-25
Let g(k) = -k**2 + 6*k - 1. Let m(p) = -p**3 + 9*p**2 + 10*p + 4. Let n be 17/3*(3 + 0). Let j = n + -7. Let u be m(j). Give g(u).
7
Let t be ((-24)/(-16))/((-2)/4). Let a(f) be the second derivative of 1/3*f**3 + 3/2*f**2 + 1/12*f**4 - 3*f + 0. What is a(t)?
6
Let b(x) = -x + 1. Let s(g) = 3. Let o(z) = b(z) - s(z). Let u be 80/8 + ((-45)/(-10))/(9/(-12)). Calculate o(u).
-6
Let p(u) be the second derivative of 0 + u**2 - 1/3*u**3 + 21*u. Give p(2).
-2
Let p = 2107 - 2101. Let i(n) = 2*n - 6. Let v(c) = c - 3. Let f(x) = 4*i(x) - 7*v(x). What is f(p)?
3
Let o(i) be the second derivative of 0*i**2 + 0*i**3 - 1/60*i**5 + 4*i - 1/3*i**4 + 0 + 1/90*i**6. Let h(v) be the third derivative of o(v). What is h(2)?
14
Let k(b) be the second derivative of -b**3/6 - b**2 + 4*b + 12. Let l be (-3)/12 - (-2)/8. Give k(l).
-2
Let u(b) = b**2 + 8*b + 13. Suppose -f - 9*d + 10*d - 3 = 0, 3*f + 5*d = -25. What is u(f)?
-2
Let w = -254 - -260. Let c(d) = d - 3. Give c(w).
3
Let f(g) = 6*g**2 - 6*g. Suppose -4*c + 4*k = 20, -4*c + k - 4*k - 20 = 0. Let w(u) = -7*u**2 + 7*u. Let n(v) = c*w(v) - 6*f(v). Calculate n(4).
-12
Let l(v) = -v**3 + 5*v**2 + 6*v - 1. Suppose 268 - 250 = 3*j. Calculate l(j).
-1
Suppose -37*d + 20*d = -51. Let z(l) = 5*l**2 - 3*l + 7. Calculate z(d).
43
Let o(h) = -2*h - 8. Let x(w) = 2*w + 10. Let s(u) = -5*o(u) - 4*x(u). Let z be 1*(-5 + 3 - -3). Let v be (0 - -1)*(z - 2). What is s(v)?
-2
Let q be ((3/(-4))/(-1))/((-1)/100). Let l be (60/q)/(4/(-30)). Let c(k) = -k**2 + 6*k - 5. Give c(l).
-5
Let d(y) = 7*y**2 - 16*y + 1. Let j(z) = 13*z**2 - 31*z + 4. Let o(l) = -11*d(l) + 6*j(l). Calculate o(8).
-3
Suppose 4*q - 322 = -330. Let v(p) = -3*p**2 - p - 2. Calculate v(q).
-12
Let b(t) = 5*t + 1. Suppose 0 = -u - 0 + 4. Suppose -47*p = -43*p + u. Give b(p).
-4
Let i = 182 - 176. Let w(p) = p**3 - 5*p**2 - 7*p - 2. Determine w(i).
-8
Let y(a) = a + 3. Let o = -36 + 33. Let r be y(o). Let z(u) = -u**3 - u**2 - 11. Give z(r).
-11
Let z(f) = f**2 - f + 1. Let t(v) = -v**2 - 2*v + 15. Let g be t(-5). Suppose -p + 2 = -g*p. What is z(p)?
3
Let q(u) = 0 + 13*u -